{"id":340,"date":"2022-04-28T16:38:44","date_gmt":"2022-04-28T16:38:44","guid":{"rendered":"http:\/\/jankajerzyfundacja.pl\/?page_id=340"},"modified":"2022-04-28T16:39:07","modified_gmt":"2022-04-28T16:39:07","slug":"polityka-prywatnosci","status":"publish","type":"page","link":"http:\/\/jankajerzyfundacja.pl\/?page_id=340","title":{"rendered":"Polityka prywatno\u015bci"},"content":{"rendered":"<p style=\"font-weight: 400;\"><strong><u>Kto jest kim?<\/u><\/strong><\/p>\n<p style=\"font-weight: 400;\">Administratorem Twoich danych osobowych, czyli podmiotem odpowiedzialnym za zgodne z\u00a0prawem wykorzystywanie tych danych, jest:<\/p>\n<p style=\"font-weight: 400;\"><strong>Fundacja im. Janiny Paradowskiej i Jerzego Zimowskiego<\/strong>,<br \/>\nz siedzib\u0105 w Warszawie, ul. S\u0142upecka 6 (zwane dalej &#8222;<strong>Fundacja<\/strong>&#8222;),<\/p>\n<p style=\"font-weight: 400;\"><strong><u>Jak si\u0119 z nami skontaktowa\u0107?<\/u><\/strong><\/p>\n<p style=\"font-weight: 400;\">Mo\u017cesz kontaktowa\u0107 si\u0119 z nami oraz z wyznaczonym przez nas inspektorem ochrony danych we wszystkich sprawach zwi\u0105zanych z wykorzystaniem Twoich danych osobowych:<\/p>\n<p style=\"font-weight: 400;\"><strong>Fundacja im. Janiny Paradowskiej i Jerzego Zimowskiego<\/strong><br \/>\nul. S\u0142upecka 6<br \/>\n02-309 Warszawa<br \/>\nfundacja@jankajerzyfundacja.pl<\/p>\n<p style=\"font-weight: 400;\"><strong><u>Po co nam Twoje dane osobowe?<\/u><\/strong><\/p>\n<p style=\"font-weight: 400;\">Wykorzystujemy Twoje dane osobowe obejmuj\u0105ce adres e-mail w celu organizacji i przeprowadzenia webinar\u00f3w Klub\u00f3w Ukrai\u0144skich \u015awit. Twoje dane przechowujemy do czasu zako\u0144czenia trwania wydarzenia.<\/p>\n<p style=\"font-weight: 400;\"><strong><u>Komu ujawniamy Twoje dane osobowe?<\/u><\/strong><\/p>\n<p style=\"font-weight: 400;\">Nie ujawniamy Twoich danych osobowych innym osobom, organizacjom lub organom z wyj\u0105tkiem:<\/p>\n<ul style=\"font-weight: 400;\">\n<li>dostawc\u00f3w us\u0142ug teleinformatycznych,<\/li>\n<li>organ\u00f3w w\u0142adzy publicznej uprawionych do uzyskania tych danych w zwi\u0105zku z\u00a0prowadzonymi post\u0119powaniami.<\/li>\n<\/ul>\n<p style=\"font-weight: 400;\"><strong><u>Jakie prawa Ci przys\u0142uguj\u0105?<\/u><\/strong><\/p>\n<p style=\"font-weight: 400;\">Masz prawo w ka\u017cdej chwili:<\/p>\n<ul style=\"font-weight: 400;\">\n<li>wnie\u015b\u0107 sprzeciw wobec wykorzystywania danych osobowych na podstawie tzw. prawnie uzasadnionego interesu; na skutek wniesienia sprzeciwu rozwa\u017cymy, czy \u2013 ze wzgl\u0119du na Twoj\u0105 szczeg\u00f3ln\u0105 sytuacj\u0119 \u2013 ochrona Twoich interes\u00f3w, praw i wolno\u015bci przewa\u017ca nad interesami, kt\u00f3re realizujemy, wykorzystuj\u0105c te dane osobowe. Je\u017celi Tw\u00f3j sprzeciw oka\u017ce si\u0119 zasadny, a nie ma innej podstawy prawnej wykorzystania tych danych, usuniemy je.<\/li>\n<\/ul>\n<p style=\"font-weight: 400;\">Ponadto, masz prawo do \u017c\u0105dania:<\/p>\n<ul style=\"font-weight: 400;\">\n<li>dost\u0119pu do swoich danych osobowych, uzyskania potwierdzenia, czy wykorzystujemy Twoje dane osobowe, uzyskania ich kopii oraz do uzyskania informacji m.in. o: celach wykorzystania, kategoriach danych osobowych, kategoriach odbiorc\u00f3w, kt\u00f3rym dane osobowe zosta\u0142y lub zostan\u0105 ujawnione, planowanym okresie przechowywania danych osobowych, a tak\u017ce o \u017ar\u00f3dle, z kt\u00f3rego je pozyskali\u015bmy;<\/li>\n<li>sprostowania swoich danych osobowych, gdy s\u0105 niekompletne, nieprawid\u0142owe lub nieaktualne;<\/li>\n<li>usuni\u0119cia wszystkich lub niekt\u00f3rych swoich danych osobowych, je\u017celi Twoje dane osobowe przesta\u0142y by\u0107 niezb\u0119dne do cel\u00f3w, w kt\u00f3rych zosta\u0142y zebrane lub w kt\u00f3rych by\u0142y wykorzystywane albo od pocz\u0105tku by\u0142y wykorzystywane niezgodnie z prawem, w szczeg\u00f3lno\u015bci je\u017celi cofn\u0119\u0142a\u015b \/ cofn\u0105\u0142e\u015b zgod\u0119 na wykorzystanie danych osobowych lub wnios\u0142a\u015b \/ wnios\u0142e\u015b zasadny sprzeciw wobec wykorzystywania danych osobowych;<\/li>\n<li>ograniczenia wykorzystania swoich danych osobowych, tj. za\u017c\u0105da\u0107, aby\u015bmy zaprzestali ich wykorzystania (nie dotyczy to jednak przechowywania Twoich danych osobowych) w\u00a0sytuacjach, gdy:<\/li>\n<\/ul>\n<ul>\n<li>kwestionujesz prawid\u0142owo\u015b\u0107 danych osobowych,<\/li>\n<li>kwestionujesz zgodno\u015b\u0107 z prawem wykorzystania przez nas danych osobowych,<\/li>\n<li>nie potrzebujemy ju\u017c tych danych, ale Ty potrzebujesz ich do ustalenia, dochodzenia lub obrony roszcze\u0144,<\/li>\n<li>wnios\u0142e\u015b\/wnios\u0142a\u015b sprzeciw wobec wykorzystywania danych osobowych;<\/li>\n<\/ul>\n<ul style=\"font-weight: 400;\">\n<li>otrzymania swoich danych osobowych w ustrukturyzowanym, powszechnie u\u017cywanym formacie nadaj\u0105cym si\u0119 do odczytu maszynowego oraz przes\u0142ania tych danych do innego, wybranego przez siebie, administratora danych osobowych; masz r\u00f3wnie\u017c prawo do \u017c\u0105dania, by Twoje dane osobowe zosta\u0142y przes\u0142ane przez nas bezpo\u015brednio takiemu innemu administratorowi, o ile jest to technicznie mo\u017cliwe; dotyczy to jedynie danych osobowych przetwarzanych w spos\u00f3b zautomatyzowany na podstawie zgody lub umowy (w tym Statutu ZHP).<\/li>\n<\/ul>\n<p style=\"font-weight: 400;\">Masz prawo do wniesienia skargi w zwi\u0105zku z wykorzystywaniem Twoich danych do Prezesa Urz\u0119du Ochrony Danych Osobowych ul. Stawki 2, 00-193 Warszawa. Skarg\u0119 mo\u017cesz wnie\u015b\u0107 w\u00a0formie elektronicznej, w formie pisemnej albo ustnie do protoko\u0142u w siedzibie Prezesa Urz\u0119du.<\/p>\n","protected":false},"excerpt":{"rendered":"<p>Kto jest kim? Administratorem Twoich danych osobowych, czyli podmiotem odpowiedzialnym za zgodne z\u00a0prawem wykorzystywanie tych danych, jest: Fundacja im. Janiny Paradowskiej i Jerzego Zimowskiego, z siedzib\u0105 w Warszawie, ul. S\u0142upecka 6 (zwane dalej &#8222;Fundacja&#8222;), Jak si\u0119 z nami skontaktowa\u0107? Mo\u017cesz kontaktowa\u0107 si\u0119 z nami oraz z wyznaczonym przez nas inspektorem ochrony danych we wszystkich sprawach &hellip; <a href=\"http:\/\/jankajerzyfundacja.pl\/?page_id=340\" class=\"more-link\">Continue reading <span class=\"screen-reader-text\">Polityka prywatno\u015bci<\/span><\/a><\/p>\n","protected":false},"author":1,"featured_media":0,"parent":0,"menu_order":0,"comment_status":"closed","ping_status":"closed","template":"","meta":{"footnotes":""},"class_list":["post-340","page","type-page","status-publish","hentry","without-featured-image"],"_links":{"self":[{"href":"http:\/\/jankajerzyfundacja.pl\/index.php?rest_route=\/wp\/v2\/pages\/340"}],"collection":[{"href":"http:\/\/jankajerzyfundacja.pl\/index.php?rest_route=\/wp\/v2\/pages"}],"about":[{"href":"http:\/\/jankajerzyfundacja.pl\/index.php?rest_route=\/wp\/v2\/types\/page"}],"author":[{"embeddable":true,"href":"http:\/\/jankajerzyfundacja.pl\/index.php?rest_route=\/wp\/v2\/users\/1"}],"replies":[{"embeddable":true,"href":"http:\/\/jankajerzyfundacja.pl\/index.php?rest_route=%2Fwp%2Fv2%2Fcomments&post=340"}],"version-history":[{"count":2,"href":"http:\/\/jankajerzyfundacja.pl\/index.php?rest_route=\/wp\/v2\/pages\/340\/revisions"}],"predecessor-version":[{"id":342,"href":"http:\/\/jankajerzyfundacja.pl\/index.php?rest_route=\/wp\/v2\/pages\/340\/revisions\/342"}],"wp:attachment":[{"href":"http:\/\/jankajerzyfundacja.pl\/index.php?rest_route=%2Fwp%2Fv2%2Fmedia&parent=340"}],"curies":[{"name":"wp","href":"https:\/\/api.w.org\/{rel}","templated":true}]}}